7*q - b = 0. Let k = q - -1656. Is k a prime number?
True
Is (780/1430)/((-12)/(-22716892)) composite?
True
Let l(z) = 2218*z + 25. Is l(10) prime?
False
Suppose -f - 1608 = -2*n, 16*f + 4832 = 13*f + 4*n. Let a be (-2)/((-1054)/1058 + 1). Let g = a - f. Is g a composite number?
False
Let j = 127 + -155. Is ((-2997)/(-108))/((-3)/j) prime?
False
Suppose -k = -5*o - 475, 18*k - 13*k = -3*o - 313. Is o/(-16) + (-2 - 1) + 2838 a composite number?
True
Let m = 103001 + -8850. Is m a prime number?
True
Suppose -30*n - 201748 = -1553638. Suppose 0*h = -9*h + n. Is h a composite number?
True
Let y = -2912 + 15333. Is y a prime number?
True
Let u(r) = -40450*r - 191. Is u(-1) prime?
False
Suppose -1778527 = -27*d - 52*d. Is d composite?
True
Suppose 3*k - 1846 = 1483 - 875. Is k a prime number?
False
Let y(r) = 1612*r**2 - 2*r + 7. Let q be y(-3). Suppose -3*f - 1 - 5 = 0, q = 3*v - 5*f. Is v a composite number?
True
Let q be -3 + 1 + 4 + 0. Is ((-1025)/(-50))/((q/(-316))/(-1)) a prime number?
False
Let p = -22349 + 50626. Is p composite?
False
Let j(i) = i - 2. Let l be j(5). Let u(y) be the first derivative of 355*y**2/2 - 4*y - 1. Is u(l) a prime number?
True
Let k be 87/(-116) + 15*(-382)/8. Let t = 1760 + k. Is t prime?
False
Suppose 371539 = -83*a + 19449 - 54527. Let w = 3223 + -6711. Let n = w - a. Is n composite?
True
Suppose -4*u = -3*s + 555893, 936*u - 933*u = -3*s + 555858. Is s a prime number?
True
Let k = 99 + -93. Suppose -k*p + 1110 = 4*p. Suppose h = 4*s - 307, -p = 2*s + 5*h - 270. Is s composite?
True
Suppose -94026 = y - 5*y - 2*u, -2*y - 4*u + 47028 = 0. Let f = 41823 - y. Is f composite?
True
Let i(o) be the first derivative of 3245*o**3/3 - 6*o**2 - 2*o - 9. Is i(-3) a composite number?
True
Let m = -4 + 1. Let i(a) = -3*a + 32. Let l be i(6). Is m/6 - (-749)/l composite?
False
Suppose 11*y - 118558 - 198946 = 0. Let q = y + -10569. Is q prime?
False
Suppose 3*r - 641351 = -38*n + 34*n, -n + r + 160350 = 0. Is n a composite number?
False
Let u(s) be the third derivative of -s**6/120 - s**5/6 + 5*s**4/24 - 13*s**3/6 + 3*s**2 - 16*s. Let j be (1 - 2) + 20/(-2). Is u(j) a composite number?
False
Let i = 782364 + -543505. Is i prime?
True
Is (-6)/(-36) + 152305/30 composite?
False
Is 64447 + (-6 + 160/25 - (-12)/(-5)) composite?
True
Suppose -2*a - 23 = -2*k + a, 4*k - 4*a - 36 = 0. Suppose -6 + 2 = k*j - 2*u, j = -5*u + 21. Is 581 + ((-1)/j - -3) composite?
True
Let m(z) = z**3 - 13*z**2 + 15*z - 32. Let g(h) = -3*h - 8 + 2 - 2 - 3. Let d be g(-8). Is m(d) a prime number?
True
Suppose 2*y - 13 = 4*b + 7*y, -2*b - y = -1. Is (2/(-6))/(b - (-515544)/(-171846)) prime?
True
Suppose -3*w - 2*b - 19 = 0, b + 18 = -4*w + 2*b. Let s(p) be the first derivative of -p**4 - 8*p**3/3 - 2*p**2 - 6*p - 2. Is s(w) composite?
True
Let j(l) = -4*l**2 - 4*l - 7. Let o(y) = 4*y**2 + 4*y + 6. Let b(f) = 5*j(f) + 6*o(f). Let r be b(5). Suppose -758 - r = -3*h. Is h composite?
False
Let z(v) be the third derivative of -v**4/24 - v**3/3 + 32*v**2. Let o be z(-7). Suppose 0*d - 3*j = -2*d + 2719, -o*d + j + 6804 = 0. Is d a composite number?
False
Let p = 45108 - 27361. Is p a prime number?
True
Is (-43 + 322564 - -1*2) + 16/(-4) a prime number?
True
Let z(c) = 370*c + 96. Let g be z(23). Suppose 0 = -0*v - 3*v + f + g, -3*v + 4*f + 8621 = 0. Is v a composite number?
True
Suppose -2*b + 166457 - 49808 = f, 0 = 5*b + 5*f - 291625. Suppose 3*t + o - b = 0, -5*t - 5*o - 35589 = -132799. Is t a prime number?
True
Let y = 57 - 57. Suppose -3*z = -2*h + 3248, 3*h + y*z + 5*z = 4853. Suppose h = -3*s + 5194. Is s a composite number?
True
Let i be (-1 + 15)*(10 - 1064/98). Is i/30 - 155812/(-5) composite?
True
Suppose -137*d - 432861 = -170*d. Is d a composite number?
True
Let k(c) = c - 3. Let x be k(6). Suppose 4*h = -x*h + 19481. Suppose -h = -5*o + 1142. Is o prime?
False
Suppose -5*f = -7*f + 12. Suppose 5*w = 5*o - 7530, -2*o + 3042 = -2*w + f*w. Is o prime?
True
Suppose -x = -7*r + 9*r - 371466, -2*x = 2*r - 371464. Is r a composite number?
True
Suppose p + 10 = -4*p, 0 = -3*u + 4*p + 23. Suppose -u*q - 178 = -2*v, 14*v + 2*q + 90 = 15*v. Is v a composite number?
True
Let p(q) = -21*q + 11*q**2 - 45 - 120 + 113*q**3 + 3*q - q**2 - 119*q**3. Is p(-8) a prime number?
True
Suppose 210 = -4*k - x, 0 = 5*k + 10*x - 9*x + 262. Is 836 + 3/12 + (-143)/k a composite number?
False
Is -303*((-1172)/10)/((-222)/(-185)) prime?
False
Suppose -4*a + 4*u + 403 = -1361, -5*u = a - 429. Let z = a + -754. Let f = -184 - z. Is f a prime number?
True
Let a(c) = 3*c**2 + 4*c - 5. Let m be a(-3). Let k(g) = 8 - 9 + 6 + m + 17*g. Is k(16) composite?
True
Let k be (-7)/(-3) - (8 + (-69)/9). Suppose -8061 = -b + p - k*p, 16094 = 2*b - 5*p. Is b a composite number?
True
Let b = -4344642 + 7042561. Is b a composite number?
True
Suppose 2917615 + 4127276 = 36*r - 941817. Is r prime?
False
Let i = -25521 - -68150. Is i prime?
False
Let w be (-1 + 1)*-1 - -4. Suppose -w*v = 0, 0 = -4*b + 5*v + 1728 + 316. Let f = -300 + b. Is f composite?
False
Let w = -34615 - -117776. Is w prime?
False
Let b(x) = 8356*x**2 + 2*x + 111. Is b(5) a composite number?
False
Let m(l) = 46*l**2 + l + 5. Let w(p) = -p**3 - 6*p**2 - 6*p + 4. Suppose -2*u = -u - 5*a - 11, 0 = -4*a - 12. Let v be w(u). Is m(v) a composite number?
True
Let i(l) = -39*l**2 - 8*l - 17. Let a be i(-7). Is (-62)/(-217) - a/14 prime?
False
Let r = -1 + 2. Suppose 3*s - 13 = -r. Is ((-1)/3)/(s/(-6876)) a composite number?
True
Let o(c) = -4 + c**2 - 7 + 7. Let h be o(0). Let z = h + 131. Is z a prime number?
True
Suppose -2*s - 168426 = -3*x + 186115, 0 = -2*x + 2*s + 236358. Is x a prime number?
False
Let r = 19 - 11. Let p = -6 + r. Is ((-1)/p)/(18/(-15948)) a prime number?
True
Let j(y) = -30*y + 8. Let a(z) = -33*z + 7. Let v(s) = -s. Let k(m) = a(m) - 2*v(m). Let n(i) = -5*j(i) + 6*k(i). Is n(-1) composite?
True
Let m be (73 - (-2)/(-1)) + 3. Let q = m + -71. Suppose -2*t + 762 = 4*n, -t - q*n = -4*t + 1134. Is t prime?
True
Suppose -2*h = -2, t + 35*h = 31*h + 6. Suppose 2*w = f - 1835, 10*f - t*w = 15*f - 9175. Is f a prime number?
False
Let i be (-5)/(4 + -2 + -3). Suppose 0 = -3*p - i*r - 1004 - 1515, p - r = -829. Let g = -156 - p. Is g prime?
True
Let f(u) = -u**3 - 2*u**2 - 28*u - 74. Let n be f(-3). Suppose -232958 = n*l - 41*l. Is l a composite number?
False
Let o(x) = 3991*x**2 + 207*x + 3909. Is o(-20) composite?
False
Suppose 4*v = 4*m - 16, -4*v - 4*m + 5*m - 4 = 0. Suppose 27*u - 152996 - 230566 = v. Is u composite?
True
Let x(p) be the first derivative of 3*p**3 + 37*p**2/2 - 45*p - 20. Is x(34) composite?
False
Is (-858782)/((-10)/(-40)*-8) a prime number?
False
Is (-33 - 0)*1285086/(-330) - (-2)/5 composite?
False
Suppose 3*o = -12, 0*a + 25960 = 4*a + o. Suppose 12*j - a = 2737. Is j prime?
True
Let d be 4/6 - 168/(-18). Let r be (17 + -12)*8/d. Suppose -2*g = r*g - 6366. Is g composite?
False
Let j = 38391 - 8214. Suppose -24150 = -4*r - u, -172*u = 5*r - 176*u - j. Is r composite?
False
Suppose 2*s = -3*h + 86437, -3*s = 2*h + 2602 - 60225. Is h a prime number?
True
Let w(c) = 2*c**2 + 10*c - 26. Suppose -2*u - 4*x = 74, 2*x - 7*x + 185 = -5*u. Let a = -46 - u. Is w(a) prime?
False
Let o(p) = -143*p - 46. Suppose 35*v = 40*v + 35. Let q be o(v). Let b = q - 324. Is b prime?
True
Suppose -22*t - 213844 = -1267490. Is t a prime number?
False
Let i(v) = -v**2 + 3*v + 103. Let o be i(-10). Is 6/9 + ((-130959)/o - -10) a composite number?
False
Suppose 2*c - c - 12 = 0. Suppose 14*b = c*b + 102. Suppose b = -2*l + 229. Is l a prime number?
True
Is 21 + -44 - (-6 + -2831808) a composite number?
False
Suppose -4*h = 4*k + 4208, 10*k - 2101 = 12*k + 5*h. Let i = k + 5712. Is i a prime number?
False
Let n = -117768 - -272699. Is n prime?
False
Suppose 0 = -5*h - l - 13622, 3*h + 1578 = -4*l - 6602. Let c = h - -5813. Is c a composite number?
False
Let h(a) = -a + 1. Let r(l) = 99*l + 7. Let p(i) = -2*h(i) + r(i). Let j be p(4). Let f = j - 282. Is f a composite number?
False
Let s(x) be the third derivative of -1543*x**6/15 - x**5/30 - 11*x**4/24 - 5*x**3/3 - 2*x**2 + 32. Is s(-1) a composite number?
False
Suppose -187 - 65 = 18*h. Let f be 34/119 - (-116)/h. Let q(b) = -b**3 - 3*b**2 - 5*b + 29. Is q(f) composite?